{"id":1107,"date":"2025-03-18T18:58:47","date_gmt":"2025-03-18T17:58:47","guid":{"rendered":"https:\/\/production-nethys.fr\/proclean\/?page_id=1107"},"modified":"2025-03-18T19:02:25","modified_gmt":"2025-03-18T18:02:25","slug":"demande-de-devis","status":"publish","type":"page","link":"https:\/\/production-nethys.fr\/proclean\/demande-de-devis\/","title":{"rendered":"Demande de devis"},"content":{"rendered":"\t\t<div data-elementor-type=\"wp-page\" data-elementor-id=\"1107\" class=\"elementor elementor-1107\" data-elementor-post-type=\"page\">\n\t\t\t\t\t\t<section class=\"elementor-section elementor-top-section elementor-element elementor-element-384e9159 elementor-section-boxed elementor-section-height-default elementor-section-height-default\" data-id=\"384e9159\" data-element_type=\"section\">\n\t\t\t\t\t\t<div class=\"elementor-container elementor-column-gap-no\">\n\t\t\t\t\t<div class=\"elementor-column elementor-col-100 elementor-top-column elementor-element elementor-element-012692f\" data-id=\"012692f\" data-element_type=\"column\">\n\t\t\t<div class=\"elementor-widget-wrap\">\n\t\t\t\t\t\t\t<\/div>\n\t\t<\/div>\n\t\t\t\t\t<\/div>\n\t\t<\/section>\n\t\t\t\t<section class=\"elementor-section elementor-top-section elementor-element elementor-element-32fcca8 elementor-section-full_width elementor-section-height-default elementor-section-height-default\" data-id=\"32fcca8\" data-element_type=\"section\">\n\t\t\t\t\t\t<div class=\"elementor-container elementor-column-gap-no\">\n\t\t\t\t\t<div class=\"elementor-column elementor-col-100 elementor-top-column elementor-element elementor-element-fa1b950\" data-id=\"fa1b950\" data-element_type=\"column\">\n\t\t\t<div class=\"elementor-widget-wrap elementor-element-populated\">\n\t\t\t\t\t\t<div class=\"elementor-element elementor-element-8bc56b5 elementor-widget elementor-widget-google_maps\" data-id=\"8bc56b5\" data-element_type=\"widget\" data-widget_type=\"google_maps.default\">\n\t\t\t\t<div class=\"elementor-widget-container\">\n\t\t\t\t\t\t\t<div class=\"elementor-custom-embed\">\n\t\t\t<iframe loading=\"lazy\"\n\t\t\t\t\tsrc=\"https:\/\/maps.google.com\/maps?q=Rouilly&#038;t=m&#038;z=10&#038;output=embed&#038;iwloc=near\"\n\t\t\t\t\ttitle=\"Rouilly\"\n\t\t\t\t\taria-label=\"Rouilly\"\n\t\t\t><\/iframe>\n\t\t<\/div>\n\t\t\t\t\t\t<\/div>\n\t\t\t\t<\/div>\n\t\t\t\t\t<\/div>\n\t\t<\/div>\n\t\t\t\t\t<\/div>\n\t\t<\/section>\n\t\t\t\t<section class=\"elementor-section elementor-top-section elementor-element elementor-element-20a844e elementor-section-boxed elementor-section-height-default elementor-section-height-default\" data-id=\"20a844e\" data-element_type=\"section\">\n\t\t\t\t\t\t<div class=\"elementor-container elementor-column-gap-no\">\n\t\t\t\t\t<div class=\"elementor-column elementor-col-50 elementor-top-column elementor-element elementor-element-1dc7cf0 elementor-invisible\" data-id=\"1dc7cf0\" data-element_type=\"column\" data-settings=\"{&quot;background_background&quot;:&quot;classic&quot;,&quot;animation&quot;:&quot;fadeInLeft&quot;}\">\n\t\t\t<div class=\"elementor-widget-wrap elementor-element-populated\">\n\t\t\t\t\t\t<div class=\"elementor-element elementor-element-4d515a7 elementor-widget elementor-widget-heading\" data-id=\"4d515a7\" data-element_type=\"widget\" data-widget_type=\"heading.default\">\n\t\t\t\t<div class=\"elementor-widget-container\">\n\t\t\t\t\t<h5 class=\"elementor-heading-title elementor-size-default\">DEMANDEZ VOTRE DEVIS<\/h5>\t\t\t\t<\/div>\n\t\t\t\t<\/div>\n\t\t\t\t<div class=\"elementor-element elementor-element-4e359db elementor-button-align-stretch elementor-widget elementor-widget-form\" data-id=\"4e359db\" data-element_type=\"widget\" data-settings=\"{&quot;step_next_label&quot;:&quot;Suivant&quot;,&quot;step_previous_label&quot;:&quot;Pr\\u00e9c\\u00e9dent&quot;,&quot;button_width&quot;:&quot;100&quot;,&quot;step_type&quot;:&quot;number_text&quot;,&quot;step_icon_shape&quot;:&quot;circle&quot;}\" data-widget_type=\"form.default\">\n\t\t\t\t<div class=\"elementor-widget-container\">\n\t\t\t\t\t\t\t<form class=\"elementor-form\" method=\"post\" name=\"New Form\">\n\t\t\t<input type=\"hidden\" name=\"post_id\" value=\"1107\"\/>\n\t\t\t<input type=\"hidden\" name=\"form_id\" value=\"4e359db\"\/>\n\t\t\t<input type=\"hidden\" name=\"referer_title\" value=\"La Main verte\" \/>\n\n\t\t\t\n\t\t\t<div class=\"elementor-form-fields-wrapper elementor-labels-\">\n\t\t\t\t\t\t\t\t<div class=\"elementor-field-type-text elementor-field-group elementor-column elementor-field-group-name elementor-col-100\">\n\t\t\t\t\t\t\t\t\t\t\t\t<label for=\"form-field-name\" class=\"elementor-field-label elementor-screen-only\">\n\t\t\t\t\t\t\t\tNom\t\t\t\t\t\t\t<\/label>\n\t\t\t\t\t\t\t\t\t\t\t\t\t\t<input size=\"1\" type=\"text\" name=\"form_fields[name]\" id=\"form-field-name\" class=\"elementor-field elementor-size-sm  elementor-field-textual\" placeholder=\"Votre nom\">\n\t\t\t\t\t\t\t\t\t\t\t<\/div>\n\t\t\t\t\t\t\t\t<div class=\"elementor-field-type-email elementor-field-group elementor-column elementor-field-group-email elementor-col-100 elementor-md-100 elementor-field-required\">\n\t\t\t\t\t\t\t\t\t\t\t\t<label for=\"form-field-email\" class=\"elementor-field-label elementor-screen-only\">\n\t\t\t\t\t\t\t\tEmail\t\t\t\t\t\t\t<\/label>\n\t\t\t\t\t\t\t\t\t\t\t\t\t\t<input size=\"1\" type=\"email\" name=\"form_fields[email]\" id=\"form-field-email\" class=\"elementor-field elementor-size-sm  elementor-field-textual\" placeholder=\"Votre email\" required=\"required\">\n\t\t\t\t\t\t\t\t\t\t\t<\/div>\n\t\t\t\t\t\t\t\t<div class=\"elementor-field-type-text elementor-field-group elementor-column elementor-field-group-field_58a6476 elementor-col-100 elementor-md-100\">\n\t\t\t\t\t\t\t\t\t\t\t\t<label for=\"form-field-field_58a6476\" class=\"elementor-field-label elementor-screen-only\">\n\t\t\t\t\t\t\t\tT\u00e9l\u00e9phone\t\t\t\t\t\t\t<\/label>\n\t\t\t\t\t\t\t\t\t\t\t\t\t\t<input size=\"1\" type=\"text\" name=\"form_fields[field_58a6476]\" id=\"form-field-field_58a6476\" class=\"elementor-field elementor-size-sm  elementor-field-textual\" placeholder=\"Votre num\u00e9ro\">\n\t\t\t\t\t\t\t\t\t\t\t<\/div>\n\t\t\t\t\t\t\t\t<div class=\"elementor-field-type-text elementor-field-group elementor-column elementor-field-group-field_ed40061 elementor-col-100 elementor-md-100\">\n\t\t\t\t\t\t\t\t\t\t\t\t<label for=\"form-field-field_ed40061\" class=\"elementor-field-label elementor-screen-only\">\n\t\t\t\t\t\t\t\tCode postal\t\t\t\t\t\t\t<\/label>\n\t\t\t\t\t\t\t\t\t\t\t\t\t\t<input size=\"1\" type=\"text\" name=\"form_fields[field_ed40061]\" id=\"form-field-field_ed40061\" class=\"elementor-field elementor-size-sm  elementor-field-textual\" placeholder=\"Votre code postal\">\n\t\t\t\t\t\t\t\t\t\t\t<\/div>\n\t\t\t\t\t\t\t\t<div class=\"elementor-field-type-text elementor-field-group elementor-column elementor-field-group-field_e44db06 elementor-col-100\">\n\t\t\t\t\t\t\t\t\t\t\t\t<label for=\"form-field-field_e44db06\" class=\"elementor-field-label elementor-screen-only\">\n\t\t\t\t\t\t\t\tVille\t\t\t\t\t\t\t<\/label>\n\t\t\t\t\t\t\t\t\t\t\t\t\t\t<input size=\"1\" type=\"text\" name=\"form_fields[field_e44db06]\" id=\"form-field-field_e44db06\" class=\"elementor-field elementor-size-sm  elementor-field-textual\" placeholder=\"Votre ville\">\n\t\t\t\t\t\t\t\t\t\t\t<\/div>\n\t\t\t\t\t\t\t\t<div class=\"elementor-field-type-select elementor-field-group elementor-column elementor-field-group-field_7930d46 elementor-col-100\">\n\t\t\t\t\t\t\t\t\t\t\t\t<label for=\"form-field-field_7930d46\" class=\"elementor-field-label elementor-screen-only\">\n\t\t\t\t\t\t\t\tPrestations\t\t\t\t\t\t\t<\/label>\n\t\t\t\t\t\t\t\t<div class=\"elementor-field elementor-select-wrapper remove-before \">\n\t\t\t<div class=\"select-caret-down-wrapper\">\n\t\t\t\t<i aria-hidden=\"true\" class=\"eicon-caret-down\"><\/i>\t\t\t<\/div>\n\t\t\t<select name=\"form_fields[field_7930d46]\" id=\"form-field-field_7930d46\" class=\"elementor-field-textual elementor-size-sm\">\n\t\t\t\t\t\t\t\t\t<option value=\"Tonte de gazon\">Tonte de gazon<\/option>\n\t\t\t\t\t\t\t\t\t<option value=\"Taille de haie\">Taille de haie<\/option>\n\t\t\t\t\t\t\t\t\t<option value=\"Taille d&#039;arbre\">Taille d&#039;arbre<\/option>\n\t\t\t\t\t\t\t\t\t<option value=\"\u00c9lagage\">\u00c9lagage<\/option>\n\t\t\t\t\t\t\t\t\t<option value=\"D\u00e9broussaillage\">D\u00e9broussaillage<\/option>\n\t\t\t\t\t\t\t\t\t<option value=\"Feuilles mortes\">Feuilles mortes<\/option>\n\t\t\t\t\t\t\t<\/select>\n\t\t<\/div>\n\t\t\t\t\t\t<\/div>\n\t\t\t\t\t\t\t\t<div class=\"elementor-field-type-upload elementor-field-group elementor-column elementor-field-group-field_785b3cb elementor-col-100\">\n\t\t\t\t\t\t\t<input type=\"file\" name=\"form_fields[field_785b3cb]\" id=\"form-field-field_785b3cb\" class=\"elementor-field elementor-size-sm  elementor-upload-field\">\n\n\t\t\t\t\t\t<\/div>\n\t\t\t\t\t\t\t\t<div class=\"elementor-field-type-upload elementor-field-group elementor-column elementor-field-group-field_c9f42ed elementor-col-100\">\n\t\t\t\t\t\t\t<input type=\"file\" name=\"form_fields[field_c9f42ed]\" id=\"form-field-field_c9f42ed\" class=\"elementor-field elementor-size-sm  elementor-upload-field\">\n\n\t\t\t\t\t\t<\/div>\n\t\t\t\t\t\t\t\t<div class=\"elementor-field-type-upload elementor-field-group elementor-column elementor-field-group-field_8446baf elementor-col-100\">\n\t\t\t\t\t\t\t<input type=\"file\" name=\"form_fields[field_8446baf]\" id=\"form-field-field_8446baf\" class=\"elementor-field elementor-size-sm  elementor-upload-field\">\n\n\t\t\t\t\t\t<\/div>\n\t\t\t\t\t\t\t\t<div class=\"elementor-field-type-upload elementor-field-group elementor-column elementor-field-group-field_cbbcefe elementor-col-100\">\n\t\t\t\t\t\t\t<input type=\"file\" name=\"form_fields[field_cbbcefe]\" id=\"form-field-field_cbbcefe\" class=\"elementor-field elementor-size-sm  elementor-upload-field\">\n\n\t\t\t\t\t\t<\/div>\n\t\t\t\t\t\t\t\t<div class=\"elementor-field-type-upload elementor-field-group elementor-column elementor-field-group-field_ace3814 elementor-col-100\">\n\t\t\t\t\t\t\t<input type=\"file\" name=\"form_fields[field_ace3814]\" id=\"form-field-field_ace3814\" class=\"elementor-field elementor-size-sm  elementor-upload-field\">\n\n\t\t\t\t\t\t<\/div>\n\t\t\t\t\t\t\t\t<div class=\"elementor-field-type-text elementor-field-group elementor-column elementor-field-group-field_c634e41 elementor-col-100\">\n\t\t\t\t\t\t\t\t\t\t\t\t<label for=\"form-field-field_c634e41\" class=\"elementor-field-label elementor-screen-only\">\n\t\t\t\t\t\t\t\tDescription du chantier\t\t\t\t\t\t\t<\/label>\n\t\t\t\t\t\t\t\t\t\t\t\t\t\t<input size=\"1\" type=\"text\" name=\"form_fields[field_c634e41]\" id=\"form-field-field_c634e41\" class=\"elementor-field elementor-size-sm  elementor-field-textual\" placeholder=\"Description du chantier\">\n\t\t\t\t\t\t\t\t\t\t\t<\/div>\n\t\t\t\t\t\t\t\t<div class=\"elementor-field-group elementor-column elementor-field-type-submit elementor-col-100 e-form__buttons\">\n\t\t\t\t\t<button class=\"elementor-button elementor-size-sm\" type=\"submit\">\n\t\t\t\t\t\t<span class=\"elementor-button-content-wrapper\">\n\t\t\t\t\t\t\t\t\t\t\t\t\t\t\t\t\t\t\t\t\t\t<span class=\"elementor-button-text\">Envoyer<\/span>\n\t\t\t\t\t\t\t\t\t\t\t\t\t<\/span>\n\t\t\t\t\t<\/button>\n\t\t\t\t<\/div>\n\t\t\t<\/div>\n\t\t<\/form>\n\t\t\t\t\t\t<\/div>\n\t\t\t\t<\/div>\n\t\t\t\t\t<\/div>\n\t\t<\/div>\n\t\t\t\t<div class=\"elementor-column elementor-col-50 elementor-top-column elementor-element elementor-element-97e15fe\" data-id=\"97e15fe\" data-element_type=\"column\" data-settings=\"{&quot;background_background&quot;:&quot;classic&quot;}\">\n\t\t\t<div class=\"elementor-widget-wrap elementor-element-populated\">\n\t\t\t\t\t<div class=\"elementor-background-overlay\"><\/div>\n\t\t\t\t\t\t<div class=\"elementor-element elementor-element-0b9ea16 elementor-invisible elementor-widget elementor-widget-heading\" data-id=\"0b9ea16\" data-element_type=\"widget\" data-settings=\"{&quot;_animation&quot;:&quot;fadeInUp&quot;}\" data-widget_type=\"heading.default\">\n\t\t\t\t<div class=\"elementor-widget-container\">\n\t\t\t\t\t<h2 class=\"elementor-heading-title elementor-size-default\">Coordonn\u00e9es <\/h2>\t\t\t\t<\/div>\n\t\t\t\t<\/div>\n\t\t\t\t<div class=\"elementor-element elementor-element-641974d elementor-invisible elementor-widget elementor-widget-heading\" data-id=\"641974d\" data-element_type=\"widget\" data-settings=\"{&quot;_animation&quot;:&quot;fadeInUp&quot;}\" data-widget_type=\"heading.default\">\n\t\t\t\t<div class=\"elementor-widget-container\">\n\t\t\t\t\t<p class=\"elementor-heading-title elementor-size-default\">PROCLEAN <\/br>\n16 grande rue, 77160 Rouilly<\/p>\t\t\t\t<\/div>\n\t\t\t\t<\/div>\n\t\t\t\t<section class=\"elementor-section elementor-inner-section elementor-element elementor-element-abd2043 elementor-section-boxed elementor-section-height-default elementor-section-height-default elementor-invisible\" data-id=\"abd2043\" data-element_type=\"section\" data-settings=\"{&quot;animation&quot;:&quot;fadeInUp&quot;}\">\n\t\t\t\t\t\t<div class=\"elementor-container elementor-column-gap-no\">\n\t\t\t\t\t<div class=\"elementor-column elementor-col-100 elementor-inner-column elementor-element elementor-element-d305483\" data-id=\"d305483\" data-element_type=\"column\">\n\t\t\t<div class=\"elementor-widget-wrap elementor-element-populated\">\n\t\t\t\t\t\t<div class=\"elementor-element elementor-element-141bcf3 elementor-vertical-align-top elementor-widget elementor-widget-icon-box\" data-id=\"141bcf3\" data-element_type=\"widget\" data-widget_type=\"icon-box.default\">\n\t\t\t\t<div class=\"elementor-widget-container\">\n\t\t\t\t\t\t\t<div class=\"elementor-icon-box-wrapper\">\n\n\t\t\t\n\t\t\t\t\t\t<div class=\"elementor-icon-box-content\">\n\n\t\t\t\t\t\t\t\t\t<p class=\"elementor-icon-box-title\">\n\t\t\t\t\t\t<span  >\n\t\t\t\t\t\t\tEmail\t\t\t\t\t\t<\/span>\n\t\t\t\t\t<\/p>\n\t\t\t\t\n\t\t\t\t\t\t\t\t\t<p class=\"elementor-icon-box-description\">\n\t\t\t\t\t\tcontact@proclean-paysagiste.fr\t\t\t\t\t<\/p>\n\t\t\t\t\n\t\t\t<\/div>\n\t\t\t\n\t\t<\/div>\n\t\t\t\t\t\t<\/div>\n\t\t\t\t<\/div>\n\t\t\t\t<div class=\"elementor-element elementor-element-27dfa10 elementor-vertical-align-top elementor-widget elementor-widget-icon-box\" data-id=\"27dfa10\" data-element_type=\"widget\" data-widget_type=\"icon-box.default\">\n\t\t\t\t<div class=\"elementor-widget-container\">\n\t\t\t\t\t\t\t<div class=\"elementor-icon-box-wrapper\">\n\n\t\t\t\n\t\t\t\t\t\t<div class=\"elementor-icon-box-content\">\n\n\t\t\t\t\t\t\t\t\t<p class=\"elementor-icon-box-title\">\n\t\t\t\t\t\t<a href=\"tel:0651104827\" >\n\t\t\t\t\t\t\tT\u00e9l\u00e9phone\t\t\t\t\t\t<\/a>\n\t\t\t\t\t<\/p>\n\t\t\t\t\n\t\t\t\t\t\t\t\t\t<p class=\"elementor-icon-box-description\">\n\t\t\t\t\t\t06 51 10 48 27\t\t\t\t\t<\/p>\n\t\t\t\t\n\t\t\t<\/div>\n\t\t\t\n\t\t<\/div>\n\t\t\t\t\t\t<\/div>\n\t\t\t\t<\/div>\n\t\t\t\t\t<\/div>\n\t\t<\/div>\n\t\t\t\t\t<\/div>\n\t\t<\/section>\n\t\t\t\t<div class=\"elementor-element elementor-element-abfa084 elementor-widget elementor-widget-spacer\" data-id=\"abfa084\" data-element_type=\"widget\" data-widget_type=\"spacer.default\">\n\t\t\t\t<div class=\"elementor-widget-container\">\n\t\t\t\t\t\t\t<div class=\"elementor-spacer\">\n\t\t\t<div class=\"elementor-spacer-inner\"><\/div>\n\t\t<\/div>\n\t\t\t\t\t\t<\/div>\n\t\t\t\t<\/div>\n\t\t\t\t<div class=\"elementor-element elementor-element-066785c elementor-widget elementor-widget-text-editor\" data-id=\"066785c\" data-element_type=\"widget\" data-widget_type=\"text-editor.default\">\n\t\t\t\t<div class=\"elementor-widget-container\">\n\t\t\t\t\t\t\t\t\t<p data-start=\"662\" data-end=\"778\"><strong data-start=\"665\" data-end=\"719\">&gt; Intervention \u00e0 Rouilly, Provins et dans un rayoun de 35km autour.<\/strong><\/p><p data-start=\"662\" data-end=\"778\"><strong>&gt;<\/strong> <strong data-start=\"725\" data-end=\"776\">Prestations ponctuelles ou contrats d\u2019entretien<\/strong><\/p><p data-start=\"780\" data-end=\"862\" data-is-last-node=\"\" data-is-only-node=\"\"><strong data-start=\"780\" data-end=\"858\">Confiez votre jardin \u00e0 des experts et profitez d\u2019un ext\u00e9rieur impeccable !<\/strong> \u2728<\/p>\t\t\t\t\t\t\t\t<\/div>\n\t\t\t\t<\/div>\n\t\t\t\t\t<\/div>\n\t\t<\/div>\n\t\t\t\t\t<\/div>\n\t\t<\/section>\n\t\t\t\t<\/div>\n\t\t","protected":false},"excerpt":{"rendered":"<p>DEMANDEZ VOTRE DEVIS Coordonn\u00e9es PROCLEAN 16 grande rue, 77160 Rouilly Email contact@proclean-paysagiste.fr T\u00e9l\u00e9phone 06 51 10 48 27 &gt; Intervention \u00e0 Rouilly, Provins et dans un rayoun de 35km autour. &gt; Prestations ponctuelles ou contrats d\u2019entretien Confiez votre jardin \u00e0 des experts et profitez d\u2019un ext\u00e9rieur impeccable ! \u2728<\/p>\n","protected":false},"author":1,"featured_media":0,"parent":0,"menu_order":0,"comment_status":"closed","ping_status":"closed","template":"elementor_header_footer","meta":{"footnotes":""},"class_list":["post-1107","page","type-page","status-publish","hentry"],"yoast_head":"<!-- This site is optimized with the Yoast SEO plugin v24.8.1 - https:\/\/yoast.com\/wordpress\/plugins\/seo\/ -->\n<title>Demande de devis - La Main verte<\/title>\n<meta name=\"robots\" content=\"noindex, follow, max-snippet:-1, max-image-preview:large, max-video-preview:-1\" \/>\n<meta property=\"og:locale\" content=\"fr_FR\" \/>\n<meta property=\"og:type\" content=\"article\" \/>\n<meta property=\"og:title\" content=\"Demande de devis - La Main verte\" \/>\n<meta property=\"og:description\" content=\"DEMANDEZ VOTRE DEVIS Coordonn\u00e9es PROCLEAN 16 grande rue, 77160 Rouilly Email contact@proclean-paysagiste.fr T\u00e9l\u00e9phone 06 51 10 48 27 &gt; Intervention \u00e0 Rouilly, Provins et dans un rayoun de 35km autour. &gt; Prestations ponctuelles ou contrats d\u2019entretien Confiez votre jardin \u00e0 des experts et profitez d\u2019un ext\u00e9rieur impeccable ! \u2728\" \/>\n<meta property=\"og:url\" content=\"https:\/\/production-nethys.fr\/proclean\/demande-de-devis\/\" \/>\n<meta property=\"og:site_name\" content=\"La Main verte\" \/>\n<meta property=\"article:modified_time\" content=\"2025-03-18T18:02:25+00:00\" \/>\n<meta name=\"twitter:card\" content=\"summary_large_image\" \/>\n<script type=\"application\/ld+json\" class=\"yoast-schema-graph\">{\"@context\":\"https:\/\/schema.org\",\"@graph\":[{\"@type\":\"WebPage\",\"@id\":\"https:\/\/production-nethys.fr\/proclean\/demande-de-devis\/\",\"url\":\"https:\/\/production-nethys.fr\/proclean\/demande-de-devis\/\",\"name\":\"Demande de devis - La Main verte\",\"isPartOf\":{\"@id\":\"https:\/\/production-nethys.fr\/proclean\/#website\"},\"datePublished\":\"2025-03-18T17:58:47+00:00\",\"dateModified\":\"2025-03-18T18:02:25+00:00\",\"breadcrumb\":{\"@id\":\"https:\/\/production-nethys.fr\/proclean\/demande-de-devis\/#breadcrumb\"},\"inLanguage\":\"fr-FR\",\"potentialAction\":[{\"@type\":\"ReadAction\",\"target\":[\"https:\/\/production-nethys.fr\/proclean\/demande-de-devis\/\"]}]},{\"@type\":\"BreadcrumbList\",\"@id\":\"https:\/\/production-nethys.fr\/proclean\/demande-de-devis\/#breadcrumb\",\"itemListElement\":[{\"@type\":\"ListItem\",\"position\":1,\"name\":\"Accueil\",\"item\":\"https:\/\/production-nethys.fr\/proclean\/\"},{\"@type\":\"ListItem\",\"position\":2,\"name\":\"Demande de devis\"}]},{\"@type\":\"WebSite\",\"@id\":\"https:\/\/production-nethys.fr\/proclean\/#website\",\"url\":\"https:\/\/production-nethys.fr\/proclean\/\",\"name\":\"La Main verte\",\"description\":\"Jardinier paysagiste Val d&#039;Oise 95\",\"publisher\":{\"@id\":\"https:\/\/production-nethys.fr\/proclean\/#organization\"},\"potentialAction\":[{\"@type\":\"SearchAction\",\"target\":{\"@type\":\"EntryPoint\",\"urlTemplate\":\"https:\/\/production-nethys.fr\/proclean\/?s={search_term_string}\"},\"query-input\":{\"@type\":\"PropertyValueSpecification\",\"valueRequired\":true,\"valueName\":\"search_term_string\"}}],\"inLanguage\":\"fr-FR\"},{\"@type\":\"Organization\",\"@id\":\"https:\/\/production-nethys.fr\/proclean\/#organization\",\"name\":\"La Main verte\",\"url\":\"https:\/\/production-nethys.fr\/proclean\/\",\"logo\":{\"@type\":\"ImageObject\",\"inLanguage\":\"fr-FR\",\"@id\":\"https:\/\/production-nethys.fr\/proclean\/#\/schema\/logo\/image\/\",\"url\":\"https:\/\/production-nethys.fr\/proclean\/wp-content\/uploads\/2025\/02\/LAMAINVERTE-LOGO-e1744642996520.png\",\"contentUrl\":\"https:\/\/production-nethys.fr\/proclean\/wp-content\/uploads\/2025\/02\/LAMAINVERTE-LOGO-e1744642996520.png\",\"width\":512,\"height\":332,\"caption\":\"La Main verte\"},\"image\":{\"@id\":\"https:\/\/production-nethys.fr\/proclean\/#\/schema\/logo\/image\/\"}}]}<\/script>\n<!-- \/ Yoast SEO plugin. -->","yoast_head_json":{"title":"Demande de devis - La Main verte","robots":{"index":"noindex","follow":"follow","max-snippet":"max-snippet:-1","max-image-preview":"max-image-preview:large","max-video-preview":"max-video-preview:-1"},"og_locale":"fr_FR","og_type":"article","og_title":"Demande de devis - La Main verte","og_description":"DEMANDEZ VOTRE DEVIS Coordonn\u00e9es PROCLEAN 16 grande rue, 77160 Rouilly Email contact@proclean-paysagiste.fr T\u00e9l\u00e9phone 06 51 10 48 27 &gt; Intervention \u00e0 Rouilly, Provins et dans un rayoun de 35km autour. &gt; Prestations ponctuelles ou contrats d\u2019entretien Confiez votre jardin \u00e0 des experts et profitez d\u2019un ext\u00e9rieur impeccable ! \u2728","og_url":"https:\/\/production-nethys.fr\/proclean\/demande-de-devis\/","og_site_name":"La Main verte","article_modified_time":"2025-03-18T18:02:25+00:00","twitter_card":"summary_large_image","schema":{"@context":"https:\/\/schema.org","@graph":[{"@type":"WebPage","@id":"https:\/\/production-nethys.fr\/proclean\/demande-de-devis\/","url":"https:\/\/production-nethys.fr\/proclean\/demande-de-devis\/","name":"Demande de devis - La Main verte","isPartOf":{"@id":"https:\/\/production-nethys.fr\/proclean\/#website"},"datePublished":"2025-03-18T17:58:47+00:00","dateModified":"2025-03-18T18:02:25+00:00","breadcrumb":{"@id":"https:\/\/production-nethys.fr\/proclean\/demande-de-devis\/#breadcrumb"},"inLanguage":"fr-FR","potentialAction":[{"@type":"ReadAction","target":["https:\/\/production-nethys.fr\/proclean\/demande-de-devis\/"]}]},{"@type":"BreadcrumbList","@id":"https:\/\/production-nethys.fr\/proclean\/demande-de-devis\/#breadcrumb","itemListElement":[{"@type":"ListItem","position":1,"name":"Accueil","item":"https:\/\/production-nethys.fr\/proclean\/"},{"@type":"ListItem","position":2,"name":"Demande de devis"}]},{"@type":"WebSite","@id":"https:\/\/production-nethys.fr\/proclean\/#website","url":"https:\/\/production-nethys.fr\/proclean\/","name":"La Main verte","description":"Jardinier paysagiste Val d&#039;Oise 95","publisher":{"@id":"https:\/\/production-nethys.fr\/proclean\/#organization"},"potentialAction":[{"@type":"SearchAction","target":{"@type":"EntryPoint","urlTemplate":"https:\/\/production-nethys.fr\/proclean\/?s={search_term_string}"},"query-input":{"@type":"PropertyValueSpecification","valueRequired":true,"valueName":"search_term_string"}}],"inLanguage":"fr-FR"},{"@type":"Organization","@id":"https:\/\/production-nethys.fr\/proclean\/#organization","name":"La Main verte","url":"https:\/\/production-nethys.fr\/proclean\/","logo":{"@type":"ImageObject","inLanguage":"fr-FR","@id":"https:\/\/production-nethys.fr\/proclean\/#\/schema\/logo\/image\/","url":"https:\/\/production-nethys.fr\/proclean\/wp-content\/uploads\/2025\/02\/LAMAINVERTE-LOGO-e1744642996520.png","contentUrl":"https:\/\/production-nethys.fr\/proclean\/wp-content\/uploads\/2025\/02\/LAMAINVERTE-LOGO-e1744642996520.png","width":512,"height":332,"caption":"La Main verte"},"image":{"@id":"https:\/\/production-nethys.fr\/proclean\/#\/schema\/logo\/image\/"}}]}},"_links":{"self":[{"href":"https:\/\/production-nethys.fr\/proclean\/wp-json\/wp\/v2\/pages\/1107","targetHints":{"allow":["GET"]}}],"collection":[{"href":"https:\/\/production-nethys.fr\/proclean\/wp-json\/wp\/v2\/pages"}],"about":[{"href":"https:\/\/production-nethys.fr\/proclean\/wp-json\/wp\/v2\/types\/page"}],"author":[{"embeddable":true,"href":"https:\/\/production-nethys.fr\/proclean\/wp-json\/wp\/v2\/users\/1"}],"replies":[{"embeddable":true,"href":"https:\/\/production-nethys.fr\/proclean\/wp-json\/wp\/v2\/comments?post=1107"}],"version-history":[{"count":7,"href":"https:\/\/production-nethys.fr\/proclean\/wp-json\/wp\/v2\/pages\/1107\/revisions"}],"predecessor-version":[{"id":1115,"href":"https:\/\/production-nethys.fr\/proclean\/wp-json\/wp\/v2\/pages\/1107\/revisions\/1115"}],"wp:attachment":[{"href":"https:\/\/production-nethys.fr\/proclean\/wp-json\/wp\/v2\/media?parent=1107"}],"curies":[{"name":"wp","href":"https:\/\/api.w.org\/{rel}","templated":true}]}}