{"version":"1.0","provider_name":"La Main verte","provider_url":"https:\/\/production-nethys.fr\/proclean","author_name":"PRO CLEAN","author_url":"https:\/\/production-nethys.fr\/proclean\/author\/pro-clean\/","title":"Taille d\u2019arbre fruitier - La Main verte","type":"rich","width":600,"height":338,"html":"<blockquote class=\"wp-embedded-content\" data-secret=\"638NVKjt0P\"><a href=\"https:\/\/production-nethys.fr\/proclean\/prestations\/taille-darbre-fruitier\/\">Taille d\u2019arbre fruitier<\/a><\/blockquote><iframe sandbox=\"allow-scripts\" security=\"restricted\" src=\"https:\/\/production-nethys.fr\/proclean\/prestations\/taille-darbre-fruitier\/embed\/#?secret=638NVKjt0P\" width=\"600\" height=\"338\" title=\"\u00ab\u00a0Taille d\u2019arbre fruitier\u00a0\u00bb &#8212; La Main verte\" data-secret=\"638NVKjt0P\" frameborder=\"0\" marginwidth=\"0\" marginheight=\"0\" scrolling=\"no\" class=\"wp-embedded-content\"><\/iframe><script>\n\/*! This file is auto-generated *\/\n!function(d,l){\"use strict\";l.querySelector&&d.addEventListener&&\"undefined\"!=typeof URL&&(d.wp=d.wp||{},d.wp.receiveEmbedMessage||(d.wp.receiveEmbedMessage=function(e){var t=e.data;if((t||t.secret||t.message||t.value)&&!\/[^a-zA-Z0-9]\/.test(t.secret)){for(var s,r,n,a=l.querySelectorAll('iframe[data-secret=\"'+t.secret+'\"]'),o=l.querySelectorAll('blockquote[data-secret=\"'+t.secret+'\"]'),c=new RegExp(\"^https?:$\",\"i\"),i=0;i<o.length;i++)o[i].style.display=\"none\";for(i=0;i<a.length;i++)s=a[i],e.source===s.contentWindow&&(s.removeAttribute(\"style\"),\"height\"===t.message?(1e3<(r=parseInt(t.value,10))?r=1e3:~~r<200&&(r=200),s.height=r):\"link\"===t.message&&(r=new URL(s.getAttribute(\"src\")),n=new URL(t.value),c.test(n.protocol))&&n.host===r.host&&l.activeElement===s&&(d.top.location.href=t.value))}},d.addEventListener(\"message\",d.wp.receiveEmbedMessage,!1),l.addEventListener(\"DOMContentLoaded\",function(){for(var e,t,s=l.querySelectorAll(\"iframe.wp-embedded-content\"),r=0;r<s.length;r++)(t=(e=s[r]).getAttribute(\"data-secret\"))||(t=Math.random().toString(36).substring(2,12),e.src+=\"#?secret=\"+t,e.setAttribute(\"data-secret\",t)),e.contentWindow.postMessage({message:\"ready\",secret:t},\"*\")},!1)))}(window,document);\n\/\/# sourceURL=https:\/\/production-nethys.fr\/proclean\/wp-includes\/js\/wp-embed.min.js\n<\/script>\n","description":"Taille d\u2019arbre fruitier Pr\u00e9sentation La main verte \u2013 Votre expert en espaces verts Depuis plusieurs ann\u00e9es, La main verte accompagne particuliers, entreprises et collectivit\u00e9s dans l\u2019entretien et l\u2019am\u00e9nagement paysager de leurs espaces verts. En savoir plus Optimisez la Fructification et la Sant\u00e9 de Vos Arbres La taille des arbres fruitiers est une \u00e9tape essentielle pour [&hellip;]","thumbnail_url":"https:\/\/production-nethys.fr\/proclean\/wp-content\/uploads\/2025\/02\/services-personne-50-pour-cent-reduction.png.webp","thumbnail_width":545,"thumbnail_height":300}

Taille d’arbre fruitier Présentation La main verte – Votre expert en espaces verts Depuis plusieurs années, La main verte accompagne particuliers, entreprises et collectivités dans l’entretien et l’aménagement paysager de leurs espaces verts. En savoir plus Optimisez la Fructification et la Santé de Vos Arbres La taille des arbres fruitiers est une étape essentielle pour [&hellip;]
